er?
False
Is 672341167 composite?
True
Is 3571098247 composite?
True
Is 1400700923 a composite number?
True
Is 5656287401 a composite number?
True
Is 1019672783 a prime number?
True
Is 463103417 a prime number?
False
Is 5777178941 prime?
False
Is 381700159 a prime number?
True
Is 4976789261 a composite number?
True
Is 1384514518 prime?
False
Is 529502189 prime?
False
Is 14048563769 a prime number?
False
Is 664560353 composite?
False
Is 900158773 a composite number?
False
Is 3166475618 prime?
False
Is 51306719 a prime number?
True
Is 65785129 a prime number?
False
Is 130283117 a prime number?
False
Is 13058461249 prime?
True
Is 1846343903 a prime number?
False
Is 141441331 composite?
False
Is 4518447079 prime?
True
Is 645591007 a prime number?
False
Is 41320988867 a prime number?
False
Is 2160447539 composite?
True
Is 16870485559 a prime number?
False
Is 1815538915 a prime number?
False
Is 695399513 prime?
True
Is 16900664549 prime?
True
Is 68034100103 a prime number?
True
Is 13255951 a prime number?
True
Is 1893366337 prime?
True
Is 202298549 a prime number?
False
Is 53720578367 composite?
False
Is 9886514021 prime?
True
Is 207181427 a composite number?
True
Is 16020892943 composite?
True
Is 79118488897 composite?
True
Is 422717371 a prime number?
False
Is 174726301 prime?
True
Is 171790392023 a composite number?
False
Is 547858097 composite?
True
Is 2378197117 prime?
False
Is 22017788621 prime?
False
Is 1865965217 a prime number?
True
Is 1296110503 a composite number?
False
Is 373364681 a prime number?
False
Is 35100400793 composite?
True
Is 540490199 prime?
False
Is 87981246347 prime?
False
Is 91524549739 prime?
False
Is 22697036867 a composite number?
True
Is 196078628077 composite?
True
Is 21712598569 composite?
False
Is 89570484499 a prime number?
False
Is 255516577 a prime number?
True
Is 42023893309 prime?
True
Is 369199921 a prime number?
True
Is 358769707 composite?
True
Is 607365091 prime?
False
Is 20148992987 composite?
True
Is 608842009 prime?
True
Is 9761959243 a composite number?
True
Is 192687259 a prime number?
True
Is 157606167373 a prime number?
False
Is 29963249501 composite?
True
Is 1668599719 a prime number?
True
Is 39529907023 prime?
True
Is 4143080593 composite?
False
Is 114509201 composite?
False
Is 878538743 a prime number?
True
Is 1736877061 a composite number?
False
Is 17236474501 a composite number?
True
Is 457897387 a prime number?
True
Is 72593085527 a composite number?
True
Is 10641060313 composite?
True
Is 3699747019 a prime number?
False
Is 902311961 a composite number?
False
Is 74992199 a prime number?
True
Is 25585813139 a composite number?
False
Is 173951031 a composite number?
True
Is 123880969363 prime?
True
Is 5748255301 prime?
True
Is 23195502559 a composite number?
True
Is 1708402039 composite?
True
Is 1901357383 a composite number?
False
Is 533937041 a composite number?
True
Is 44395782941 prime?
True
Is 309387581 a composite number?
False
Is 1509783377 prime?
False
Is 6672457889 composite?
False
Is 75686119 a prime number?
True
Is 7968207157 prime?
False
Is 5620655389 a composite number?
False
Is 3958512398 composite?
True
Is 269369081 a composite number?
True
Is 3721007 composite?
True
Is 1045085801 a prime number?
False
Is 41544541895 a prime number?
False
Is 7605141599 a composite number?
True
Is 1756720717 a prime number?
True
Is 2043374447 a composite number?
False
Is 55174915 composite?
True
Is 9169051511 prime?
False
Is 2254815229 a composite number?
True
Is 898840441 a composite number?
True
Is 826898257 a prime number?
False
Is 1361582485 composite?
True
Is 1414886467 a composite number?
True
Is 737961683 a prime number?
True
Is 1251035861 a composite number?
True
Is 151744580729 a composite number?
True
Is 310374023 a composite number?
False
Is 99709798813 a prime number?
False
Is 2527906519 prime?
True
Is 2529888941 a composite number?
True
Is 3728573489 composite?
False
Is 1975207261 prime?
True
Is 8026264153 a prime number?
False
Is 8033893961 prime?
True
Is 58925083799 composite?
True
Is 5405946955 a prime number?
False
Is 107495948891 prime?
True
Is 10344221581 composite?
False
Is 56903377 a composite number?
False
Is 894141561 composite?
True
Is 607888961 composite?
False
Is 16707031171 a prime number?
False
Is 1376541239 a composite number?
False
Is 154916677 a composite number?
False
Is 456526703 a composite number?
False
Is 13314650959 prime?
False
Is 260051687 a prime number?
False
Is 1570701931 prime?
False
Is 36576159467 prime?
False
Is 4590322357 a composite number?
True
Is 3173708839 composite?
True
Is 426409833 composite?
True
Is 366898387 prime?
True
Is 82189041413 prime?
True
Is 851732677 a composite number?
False
Is 4430349809 composite?
False
Is 81254211581 a prime number?
False
Is 6275566743 a prime number?
False
Is 40289535181 a prime number?
False
Is 141356617 composite?
True
Is 5465783717 a composite number?
False
Is 108632963 a composite number?
False
Is 16454130889 composite?
True
Is 6771561283 a prime number?
False
Is 114471045427 prime?
True
Is 59069677369 a prime number?
False
Is 434321249 composite?
True
Is 1574399149 composite?
False
Is 102682186 a composite number?
True
Is 3152348839 a prime number?
True
Is 21405551537 composite?
False
Is 20095354 prime?
False
Is 278814171 prime?
False
Is 1435886051 prime?
False
Is 1993422427 composite?
False
Is 12659263651 composite?
False
Is 1128373611 a composite number?
True
Is 1221222271 a composite number?
False
Is 3502811747 prime?
False
Is 10568781989 a composite number?
False
Is 226221683 a composite number?
False
Is 676899617 a composite number?
False
Is 314504387 a composite number?
False
Is 964132591 a composite number?
False
Is 3929909287 prime?
False
Is 9555401797 prime?
False
Is 39776724311 a prime number?
False
Is 11662466047 composite?
True
Is 3099270287 composite?
True
Is 83591273 a prime number?
False
Is 713298643 a composite number?
False
Is 18104543917 a composite number?
True
Is 1182566719 prime?
True
Is 4189768589 composite?
True
Is 3139322687 a prime number?
False
Is 15443126537 a prime number?
True
Is 10277538067 a prime number?
True
Is 4105630643 prime?
True
Is 1760944373 a prime number?
True
Is 141173447 a composite number?
False
Is 9551617067 composite?
False
Is 42687751943 a prime number?
True
Is 38789231419 composite?
False
Is 956118433 a composite number?
False
Is 3251818027 a composite number?
False
Is 32685079351 a prime number?
False
Is 915616019 prime?
False
Is 3323517283 a prime number?
True
Is 503760989 a prime number?
False
Is 16075499269 composite?
True
Is 60983763209 prime?
True
Is 64388513 a composite number?
True
Is 87899549 a prime number?
False
Is 10292503609 a prime number?
False
Is 125135388341 a prime number?
False
Is 13462619 a prime number?
True
Is 6705685339 a prime number?
False
Is 4426480997 a composite number?
False
Is 23242130281 composite?
False
Is 501415441 composite?
False
Is 362710109 a prime number?
True
Is 19090993 a composite number?
True
Is 2340871847 prime?
False
Is 16098044569 a prime number?
True
Is 12366727798 a prime number?
False
Is 5872162243 a prime number?
True
Is 2579215609 composite?
False
Is 7202113991 a prime number?
True
Is 2696074303 composite?
True
Is 7215949049 composite?
False
Is 115535299 prime?
False
Is 26379176183 a composite number?
False
Is 85054017441 a composite number?
True
Is 341101417 composite?
False
Is 74599378693 composite?
True
Is 6103907689 a composite number?
True
Is 91872089 a composite number?
False
Is 3706483571 a prime number?
False
Is 650583137 a composite number?
False
Is 24659561 prime?
True
Is 7958123 a composite number?
True
Is 2198300093 a composite number?
True
Is 501023123 prime?
False
Is 7113397787 a composite number?
True
Is 1490821867 composite?
False
Is 1001362013 prime?
True
Is 1833960283 a prime number?
True
Is 2562131837 a composite number?
True
Is 2680254463 a prime number?
True
Is 4223371439 composite?
True
Is 893603449 composite?
False
Is 3126149783 a composite number?
True
Is 724744003 composite?
True
Is 53283792787 prime?
False
Is 673854049 a composite number?
True
Is 9345106639 a composite number?
True
Is 1245506609 prime?
False
Is 18472425563 composite?
True
Is 1075660799 a composite number?
False
Is 14